1?
2
What is the hundreds digit of 508478?
4
What is the tens digit of 2211439?
3
What is the hundred thousands digit of 6537828?
5
What is the hundred thousands digit of 135040?
1
What is the units digit of 6819158?
8
What is the ten thousands digit of 903004?
0
What is the tens digit of 33940931?
3
What is the tens digit of 261276?
7
What is the units digit of 311206?
6
What is the thousands digit of 5709367?
9
What is the ten thousands digit of 5181716?
8
What is the tens digit of 292756?
5
What is the hundred thousands digit of 24579968?
5
What is the units digit of 1341456?
6
What is the hundreds digit of 428867?
8
What is the thousands digit of 530179?
0
What is the hundred thousands digit of 2194748?
1
What is the units digit of 945555?
5
What is the units digit of 6540292?
2
What is the hundreds digit of 512005?
0
What is the ten millions digit of 20786133?
2
What is the tens digit of 76959?
5
What is the hundred thousands digit of 2117637?
1
What is the hundred thousands digit of 1489665?
4
What is the hundred thousands digit of 1767591?
7
What is the units digit of 912778?
8
What is the thousands digit of 2767747?
7
What is the hundreds digit of 14620?
6
What is the hundreds digit of 5130306?
3
What is the hundred thousands digit of 1219512?
2
What is the hundreds digit of 2911798?
7
What is the millions digit of 14449842?
4
What is the tens digit of 557842?
4
What is the hundred thousands digit of 653873?
6
What is the hundreds digit of 33499299?
2
What is the units digit of 9228084?
4
What is the hundred thousands digit of 2078466?
0
What is the units digit of 22159741?
1
What is the hundred thousands digit of 656655?
6
What is the thousands digit of 1013795?
3
What is the hundreds digit of 1016569?
5
What is the tens digit of 14604085?
8
What is the ten thousands digit of 232637?
3
What is the tens digit of 129975?
7
What is the hundreds digit of 491672?
6
What is the ten thousands digit of 2377782?
7
What is the units digit of 57078?
8
What is the ten thousands digit of 6746940?
4
What is the millions digit of 3077892?
3
What is the hundred thousands digit of 866658?
8
What is the thousands digit of 2343070?
3
What is the ten thousands digit of 11985?
1
What is the thousands digit of 244370?
4
What is the tens digit of 202369?
6
What is the hundred thousands digit of 1555138?
5
What is the millions digit of 2394297?
2
What is the thousands digit of 18994342?
4
What is the units digit of 137640?
0
What is the units digit of 370286?
6
What is the tens digit of 3969904?
0
What is the thousands digit of 526352?
6
What is the ten thousands digit of 1897513?
9
What is the hundred thousands digit of 2450799?
4
What is the tens digit of 235758?
5
What is the tens digit of 14204?
0
What is the ten thousands digit of 2482800?
8
What is the hundred thousands digit of 206366?
2
What is the hundred thousands digit of 18338358?
3
What is the hundred thousands digit of 1268085?
2
What is the units digit of 1288399?
9
What is the units digit of 6317507?
7
What is the thousands digit of 15635383?
5
What is the thousands digit of 2861312?
1
What is the hundreds digit of 1939610?
6
What is the hundreds digit of 673460?
4
What is the units digit of 349957?
7
What is the tens digit of 720479?
7
What is the hundred thousands digit of 5983602?
9
What is the hundreds digit of 36667?
6
What is the units digit of 4664239?
9
What is the millions digit of 17029861?
7
What is the hundreds digit of 5308106?
1
What is the units digit of 1855991?
1
What is the hundred thousands digit of 3426914?
4
What is the thousands digit of 88985?
8
What is the tens digit of 92343?
4
What is the tens digit of 305?
0
What is the tens digit of 251074?
7
What is the hundreds digit of 2290417?
4
What is the tens digit of 750604?
0
What is the thousands digit of 625912?
5
What is the thousands digit of 1034155?
4
What is the hundreds digit of 139890?
8
What is the units digit of 12228213?
3
What is the thousands digit of 2376568?
6
What is the millions digit of 33511909?
3
What is the ten thousands digit of 1179962?
7
What is the ten thousands digit of 5511268?
1
What is the ten thousands digit of 1688651?
8
What is the tens digit of 32438?
3
What is the ten thousands digit of 5727883?
2
What is the hundred thousands digit of 9307198?
3
What is the millions digit of 1059373?
1
What is the ten thousands digit of 285643?
8
What is the thousands digit of 257160?
7
What is the thousands digit of 440015?
0
What is the ten millions digit of 23998747?
2
What is the hundred thousands digit of 334842?
3
What is the thousands digit of 113518?
3
What is the tens digit of 631287?
8
What is the millions digit of 2720727?
2
What is the hundred thousands digit of 321858?
3
What is the tens digit of 5022890?
9
What is the thousands digit of 10911917?
1
What is the hundred thousands digit of 3396481?
3
What is the thousands digit of 556587?
6
What is the thousands digit of 72387?
2
What is the ten thousands digit of 166692?
6
What is the ten millions digit of 34121905?
3
What is the hundreds digit of 7456875?
8
What is the millions digit of 2813803?
2
What is the ten thousands digit of 191785?
9
What is the units digit of 266110?
0
What is the thousands digit of 154522?
4
What is the tens digit of 10910568?
6
What is the hundred thousands digit of 280350?
2
What is the units digit of 3409320?
0
What is the tens digit of 17818?
1
What is the units digit of 425149?
9
What is the ten thousands digit of 1664592?
6
What is the ten millions digit of 15226528?
1
What is the hundreds digit of 96268?
2
What is the units digit of 5535706?
6
What is the tens digit of 184928?
2
What is the hundreds digit of 2071240?
2
What is the hundreds digit of 50617?
6
What is the tens digit of 153447?
4
What is the tens digit of 4824665?
6
What is the tens digit of 7552675?
7
What is the hundred thousands digit of 138325?
1
What is the units digit of 894907?
7
What is the ten thousands digit of 15536?
1
What is the units digit of 171465?
5
What is the hundreds digit of 23332654?
6
What is the tens digit of 26758022?
2
What is the hundred thousands digit of 181867?
1
What is the units digit of 3481444?
4
What is the thousands digit of 2094610?
4
What is the ten millions digit of 22041110?
2
What is the thousands digit of 613573?
3
What is the ten thousands digit of 4273823?
7
What is the hundreds digit of 1435333?
3
What is the ten thousands digit of 3302606?
0
What is the hundred thousands digit of 435008?
4
What is the ten thousands digit of 47206?
4
What is the hundreds digit of 3351475?
4
What is the hundred thousands digit of 123651?
1
What is the ten thousands digit of 69999?
6
What is the hundred thousands digit of 970019?
9
What is the tens digit of 1769205?
0
What is the units digit of 15329769?
9
What is the hundred thousands digit of 11543879?
5
What is the ten thousands digit of 2418203?
1
What is the units digit of 241574?
4
What is the hundreds digit of 3925329?
3
What is the ten thousands digit of 724812?
2
What is the ten thousands digit of 27997?
2
What is the hundred thousands digit of 184931?
1
What is the tens digit of 1253450?
5
What is the thousands digit of 2276693?
6
What is the hundred thousands digit of 3903426?
9
What is the hundred thousands digit of 496096?
4
What is the hundreds digit of 5422934?
9
What is the hundreds digit of 314065?
0
What is the tens digit of 7443166?
6
What is the hundreds digit of 2650387?
3
What is the hundred thousands digit of 6257984?
2
What is the hundred thousands digit of 4203035?
2
What is the hundred thousands digit of 114665?
1
What is the ten thousands digit of 1523477?
2
What is the ten thousands digit of 62979?
6
What is the hundreds digit of 485724?
7
What is the thousands digit of 4470?
4
What is the thousands digit of 10955913?
5
What is the hundred thousands digit of 1282033?
2
What is the ten thousands digit of 77167?
7
What is the tens digit of 17388015?
1
What is the hundred thousands digit of 294691?
2
What is the hundreds digit of 1686073?
0
What is the units digit of 2583516?
6
What is the tens digit of 62371?
7
What is the tens digit of 207528?
2
What is the hundreds digit of 3173346?
3
What is the millions digit of 2172508?
2
What is the 